{"id":77,"date":"2022-02-09T23:51:40","date_gmt":"2022-02-09T22:51:40","guid":{"rendered":"https:\/\/muzyczna.gowidlino.com\/?page_id=77"},"modified":"2023-03-25T21:46:52","modified_gmt":"2023-03-25T20:46:52","slug":"rekrutacja","status":"publish","type":"page","link":"https:\/\/muzyczna.gowidlino.com\/?page_id=77","title":{"rendered":"Rekrutacja"},"content":{"rendered":"\t\t<div data-elementor-type=\"wp-page\" data-elementor-id=\"77\" class=\"elementor elementor-77\">\n\t\t\t\t\t\t\t\t\t<section class=\"elementor-section elementor-top-section elementor-element elementor-element-fb9b7f9 elementor-section-boxed elementor-section-height-default elementor-section-height-default\" data-id=\"fb9b7f9\" data-element_type=\"section\">\n\t\t\t\t\t\t<div class=\"elementor-container elementor-column-gap-default\">\n\t\t\t\t\t<div class=\"elementor-column elementor-col-100 elementor-top-column elementor-element elementor-element-327e6ce\" data-id=\"327e6ce\" data-element_type=\"column\">\n\t\t\t<div class=\"elementor-widget-wrap elementor-element-populated\">\n\t\t\t\t\t\t\t\t<div class=\"elementor-element elementor-element-48f0cb4 elementor-widget elementor-widget-text-editor\" data-id=\"48f0cb4\" data-element_type=\"widget\" data-widget_type=\"text-editor.default\">\n\t\t\t\t<div class=\"elementor-widget-container\">\n\t\t\t<style>\/*! elementor - v3.7.0 - 08-08-2022 *\/\n.elementor-widget-text-editor.elementor-drop-cap-view-stacked .elementor-drop-cap{background-color:#818a91;color:#fff}.elementor-widget-text-editor.elementor-drop-cap-view-framed .elementor-drop-cap{color:#818a91;border:3px solid;background-color:transparent}.elementor-widget-text-editor:not(.elementor-drop-cap-view-default) .elementor-drop-cap{margin-top:8px}.elementor-widget-text-editor:not(.elementor-drop-cap-view-default) .elementor-drop-cap-letter{width:1em;height:1em}.elementor-widget-text-editor .elementor-drop-cap{float:left;text-align:center;line-height:1;font-size:50px}.elementor-widget-text-editor .elementor-drop-cap-letter{display:inline-block}<\/style>\t\t\t\t<p>Je\u017celi chc\u0105 Pa\u0144stwo zg\u0142osi\u0107 kandydata do naszej szko\u0142y, prosimy o skorzystanie z poni\u017cszego formularza rekrutacyjnego online.<\/p>\t\t\t\t\t\t<\/div>\n\t\t\t\t<\/div>\n\t\t\t\t<div class=\"elementor-element elementor-element-6cc6faa elementor-widget elementor-widget-heading\" data-id=\"6cc6faa\" data-element_type=\"widget\" data-widget_type=\"heading.default\">\n\t\t\t\t<div class=\"elementor-widget-container\">\n\t\t\t<style>\/*! elementor - v3.7.0 - 08-08-2022 *\/\n.elementor-heading-title{padding:0;margin:0;line-height:1}.elementor-widget-heading .elementor-heading-title[class*=elementor-size-]>a{color:inherit;font-size:inherit;line-height:inherit}.elementor-widget-heading .elementor-heading-title.elementor-size-small{font-size:15px}.elementor-widget-heading .elementor-heading-title.elementor-size-medium{font-size:19px}.elementor-widget-heading .elementor-heading-title.elementor-size-large{font-size:29px}.elementor-widget-heading .elementor-heading-title.elementor-size-xl{font-size:39px}.elementor-widget-heading .elementor-heading-title.elementor-size-xxl{font-size:59px}<\/style><h5 class=\"elementor-heading-title elementor-size-default\">Formularz rekrutacyjny online<\/h5>\t\t<\/div>\n\t\t\t\t<\/div>\n\t\t\t\t\t<\/div>\n\t\t<\/div>\n\t\t\t\t\t\t\t<\/div>\n\t\t<\/section>\n\t\t\t\t<section class=\"elementor-section elementor-top-section elementor-element elementor-element-8f191aa elementor-section-boxed elementor-section-height-default elementor-section-height-default\" data-id=\"8f191aa\" data-element_type=\"section\">\n\t\t\t\t\t\t<div class=\"elementor-container elementor-column-gap-default\">\n\t\t\t\t\t<div class=\"elementor-column elementor-col-100 elementor-top-column elementor-element elementor-element-cebd8da\" data-id=\"cebd8da\" data-element_type=\"column\">\n\t\t\t<div class=\"elementor-widget-wrap elementor-element-populated\">\n\t\t\t\t\t\t\t\t<div class=\"elementor-element elementor-element-8fd34b9 elementor-widget elementor-widget-wpforms\" data-id=\"8fd34b9\" data-element_type=\"widget\" data-widget_type=\"wpforms.default\">\n\t\t\t\t<div class=\"elementor-widget-container\">\n\t\t\t<div class=\"wpforms-container wpforms-container-full\" id=\"wpforms-76\"><form id=\"wpforms-form-76\" class=\"wpforms-validate wpforms-form wpforms-ajax-form\" data-formid=\"76\" method=\"post\" enctype=\"multipart\/form-data\" action=\"\/index.php?rest_route=%2Fwp%2Fv2%2Fpages%2F77\" data-token=\"6676b6c6e26a343acb7b825f41942f3b\"><noscript class=\"wpforms-error-noscript\">Please enable JavaScript in your browser to complete this form.<\/noscript><div class=\"wpforms-field-container\"><div id=\"wpforms-76-field_0-container\" class=\"wpforms-field wpforms-field-name\" data-field-id=\"0\"><label class=\"wpforms-field-label\" for=\"wpforms-76-field_0\">Imi\u0119 i nazwisko kandydata <span class=\"wpforms-required-label\">*<\/span><\/label><div class=\"wpforms-field-row wpforms-field-medium\"><div class=\"wpforms-field-row-block wpforms-first wpforms-one-half\"><input type=\"text\" id=\"wpforms-76-field_0\" class=\"wpforms-field-name-first wpforms-field-required\" name=\"wpforms[fields][0][first]\" placeholder=\"Imi\u0119\" required><label for=\"wpforms-76-field_0\" class=\"wpforms-field-sublabel after wpforms-sublabel-hide\">First<\/label><\/div><div class=\"wpforms-field-row-block wpforms-one-half\"><input type=\"text\" id=\"wpforms-76-field_0-last\" class=\"wpforms-field-name-last wpforms-field-required\" name=\"wpforms[fields][0][last]\" placeholder=\"Nazwisko\" required><label for=\"wpforms-76-field_0-last\" class=\"wpforms-field-sublabel after wpforms-sublabel-hide\">Last<\/label><\/div><\/div><\/div><div id=\"wpforms-76-field_6-container\" class=\"wpforms-field wpforms-field-text\" data-field-id=\"6\"><label class=\"wpforms-field-label\" for=\"wpforms-76-field_6\">Data urodzenia kandydata <span class=\"wpforms-required-label\">*<\/span><\/label><input type=\"text\" id=\"wpforms-76-field_6\" class=\"wpforms-field-medium wpforms-field-required wpforms-masked-input\" data-inputmask-mask=\"99-99-9999\" data-rule-empty-blanks=\"1\" name=\"wpforms[fields][6]\" placeholder=\"01-01-2010\" required><\/div><div id=\"wpforms-76-field_7-container\" class=\"wpforms-field wpforms-field-text\" data-field-id=\"7\"><label class=\"wpforms-field-label\" for=\"wpforms-76-field_7\">Numer PESEL kandydata <span class=\"wpforms-required-label\">*<\/span><\/label><input type=\"text\" id=\"wpforms-76-field_7\" class=\"wpforms-field-medium wpforms-field-required wpforms-masked-input\" data-inputmask-mask=\"99999999999\" data-rule-empty-blanks=\"1\" name=\"wpforms[fields][7]\" placeholder=\"PESEL\" required><\/div><div id=\"wpforms-76-field_11-container\" class=\"wpforms-field wpforms-field-text\" data-field-id=\"11\"><label class=\"wpforms-field-label\" for=\"wpforms-76-field_11\">Adres zamieszkania kandydata <span class=\"wpforms-required-label\">*<\/span><\/label><input type=\"text\" id=\"wpforms-76-field_11\" class=\"wpforms-field-medium wpforms-field-required\" name=\"wpforms[fields][11]\" placeholder=\"Ulica, Kod pocztowy, Miejscowo\u015b\u0107\" required><\/div><div id=\"wpforms-76-field_8-container\" class=\"wpforms-field wpforms-field-select wpforms-field-select-style-classic\" data-field-id=\"8\"><label class=\"wpforms-field-label\" for=\"wpforms-76-field_8\">Wybrany instrument <span class=\"wpforms-required-label\">*<\/span><\/label><select id=\"wpforms-76-field_8\" class=\"wpforms-field-medium wpforms-field-required\" name=\"wpforms[fields][8]\" required=\"required\"><option value=\"Fortepian\" >Fortepian<\/option><option value=\"Gitara\" >Gitara<\/option><option value=\"Skrzypce\" >Skrzypce<\/option><option value=\"Klarnet\" >Klarnet<\/option><option value=\"Akordeon\" >Akordeon<\/option><option value=\"Tr\u0105bka\" >Tr\u0105bka<\/option><\/select><\/div><div id=\"wpforms-76-field_13-container\" class=\"wpforms-field wpforms-field-select wpforms-field-select-style-classic\" data-field-id=\"13\"><label class=\"wpforms-field-label\" for=\"wpforms-76-field_13\">Instrument drugiego wyboru (w przypadku braku miejsc) <span class=\"wpforms-required-label\">*<\/span><\/label><select id=\"wpforms-76-field_13\" class=\"wpforms-field-medium wpforms-field-required\" name=\"wpforms[fields][13]\" required=\"required\"><option value=\"Fortepian\" >Fortepian<\/option><option value=\"Gitara\" >Gitara<\/option><option value=\"Skrzypce\" >Skrzypce<\/option><option value=\"Klarnet\" >Klarnet<\/option><option value=\"Akordeon\" >Akordeon<\/option><option value=\"Tr\u0105bka\" >Tr\u0105bka<\/option><\/select><\/div><div id=\"wpforms-76-field_3-container\" class=\"wpforms-field wpforms-field-text\" data-field-id=\"3\"><label class=\"wpforms-field-label\" for=\"wpforms-76-field_3\">Imi\u0119 i nazwisko matki \/ opiekuna prawnego <span class=\"wpforms-required-label\">*<\/span><\/label><input type=\"text\" id=\"wpforms-76-field_3\" class=\"wpforms-field-medium wpforms-field-required\" name=\"wpforms[fields][3]\" placeholder=\"Imi\u0119 i nazwisko\" required><\/div><div id=\"wpforms-76-field_9-container\" class=\"wpforms-field wpforms-field-text\" data-field-id=\"9\"><label class=\"wpforms-field-label\" for=\"wpforms-76-field_9\">Imi\u0119 i nazwisko ojca \/ opiekuna prawnego <span class=\"wpforms-required-label\">*<\/span><\/label><input type=\"text\" id=\"wpforms-76-field_9\" class=\"wpforms-field-medium wpforms-field-required\" name=\"wpforms[fields][9]\" placeholder=\"Imi\u0119 i nazwisko\" required><\/div><div id=\"wpforms-76-field_1-container\" class=\"wpforms-field wpforms-field-email\" data-field-id=\"1\"><label class=\"wpforms-field-label\" for=\"wpforms-76-field_1\">Email <span class=\"wpforms-required-label\">*<\/span><\/label><input type=\"email\" id=\"wpforms-76-field_1\" class=\"wpforms-field-medium wpforms-field-required\" name=\"wpforms[fields][1]\" placeholder=\"Email\" required><\/div><div id=\"wpforms-76-field_10-container\" class=\"wpforms-field wpforms-field-number\" data-field-id=\"10\"><label class=\"wpforms-field-label\" for=\"wpforms-76-field_10\">Numer telefonu rodzica \/ opiekuna prawnego <span class=\"wpforms-required-label\">*<\/span><\/label><input type=\"number\" pattern=\"\\d*\" id=\"wpforms-76-field_10\" class=\"wpforms-field-medium wpforms-field-required\" name=\"wpforms[fields][10]\" placeholder=\"Nr telefonu\" required><\/div><div id=\"wpforms-76-field_2-container\" class=\"wpforms-field wpforms-field-textarea\" data-field-id=\"2\"><label class=\"wpforms-field-label\" for=\"wpforms-76-field_2\">Informacje dodatkowe lub pytania<\/label><textarea id=\"wpforms-76-field_2\" class=\"wpforms-field-medium\" name=\"wpforms[fields][2]\" ><\/textarea><\/div><div id=\"wpforms-76-field_12-container\" class=\"wpforms-field wpforms-field-checkbox\" data-field-id=\"12\"><label class=\"wpforms-field-label\" for=\"wpforms-76-field_12\">O\u015bwiadczenia <span class=\"wpforms-required-label\">*<\/span><\/label><ul id=\"wpforms-76-field_12\" class=\"wpforms-field-required\"><li class=\"choice-1 depth-1\"><input type=\"checkbox\" id=\"wpforms-76-field_12_1\" name=\"wpforms[fields][12][]\" value=\"O\u015bwiadczam, \u017ce dane zawarte w formularzu kontaktowym s\u0105 zgodne ze stanem faktycznym\" required ><label class=\"wpforms-field-label-inline\" for=\"wpforms-76-field_12_1\">O\u015bwiadczam, \u017ce dane zawarte w formularzu kontaktowym s\u0105 zgodne ze stanem faktycznym<\/label><\/li><li class=\"choice-2 depth-1\"><input type=\"checkbox\" id=\"wpforms-76-field_12_2\" name=\"wpforms[fields][12][]\" value=\"Wyra\u017cam zgod\u0119 na przetwarzanie danych zawartych w formularzu kontaktowym w celu umo\u017cliwienia kontaktu i przedstawienia oferty (art. 6 ust 1 lit. a Rozporz\u0105dzenia 2016\/679 RODO), jak r\u00f3wnie\u017c w celu bie\u017c\u0105cego kontaktu wynikaj\u0105cego z zawartej umowy lub z podj\u0119tych dzia\u0142a\u0144 zmierzaj\u0105cych do jej zawarcia (art. 6 ust 1 lit b rozporz\u0105dzenia 2016\/679 RODO)\" required ><label class=\"wpforms-field-label-inline\" for=\"wpforms-76-field_12_2\">Wyra\u017cam zgod\u0119 na przetwarzanie danych zawartych w formularzu kontaktowym w celu umo\u017cliwienia kontaktu i przedstawienia oferty (art. 6 ust 1 lit. a Rozporz\u0105dzenia 2016\/679 RODO), jak r\u00f3wnie\u017c w celu bie\u017c\u0105cego kontaktu wynikaj\u0105cego z zawartej umowy lub z podj\u0119tych dzia\u0142a\u0144 zmierzaj\u0105cych do jej zawarcia (art. 6 ust 1 lit b rozporz\u0105dzenia 2016\/679 RODO)<\/label><\/li><\/ul><\/div><\/div><div class=\"wpforms-submit-container\"><input type=\"hidden\" name=\"wpforms[id]\" value=\"76\"><input type=\"hidden\" name=\"wpforms[author]\" value=\"1\"><button type=\"submit\" name=\"wpforms[submit]\" id=\"wpforms-submit-76\" class=\"wpforms-submit\" data-alt-text=\"Trwa wysy\u0142ka...\" data-submit-text=\"Wy\u015blij zg\u0142oszenie\" aria-live=\"assertive\" value=\"wpforms-submit\">Wy\u015blij zg\u0142oszenie<\/button><img loading=\"lazy\" decoding=\"async\" src=\"https:\/\/muzyczna.gowidlino.com\/wp-content\/plugins\/wpforms-lite\/assets\/images\/submit-spin.svg\" class=\"wpforms-submit-spinner\" style=\"display: none;\" width=\"26\" height=\"26\" alt=\"\"><\/div><\/form><\/div>  <!-- .wpforms-container -->\t\t<\/div>\n\t\t\t\t<\/div>\n\t\t\t\t\t<\/div>\n\t\t<\/div>\n\t\t\t\t\t\t\t<\/div>\n\t\t<\/section>\n\t\t\t\t\t\t\t<\/div>\n\t\t","protected":false},"excerpt":{"rendered":"<p>Je\u017celi chc\u0105 Pa\u0144stwo zg\u0142osi\u0107 kandydata do naszej szko\u0142y, prosimy o skorzystanie z poni\u017cszego formularza rekrutacyjnego online. Formularz rekrutacyjny online<\/p>\n","protected":false},"author":1,"featured_media":0,"parent":0,"menu_order":0,"comment_status":"closed","ping_status":"closed","template":"","meta":{"footnotes":""},"class_list":["post-77","page","type-page","status-publish","hentry"],"_links":{"self":[{"href":"https:\/\/muzyczna.gowidlino.com\/index.php?rest_route=\/wp\/v2\/pages\/77","targetHints":{"allow":["GET"]}}],"collection":[{"href":"https:\/\/muzyczna.gowidlino.com\/index.php?rest_route=\/wp\/v2\/pages"}],"about":[{"href":"https:\/\/muzyczna.gowidlino.com\/index.php?rest_route=\/wp\/v2\/types\/page"}],"author":[{"embeddable":true,"href":"https:\/\/muzyczna.gowidlino.com\/index.php?rest_route=\/wp\/v2\/users\/1"}],"replies":[{"embeddable":true,"href":"https:\/\/muzyczna.gowidlino.com\/index.php?rest_route=%2Fwp%2Fv2%2Fcomments&post=77"}],"version-history":[{"count":13,"href":"https:\/\/muzyczna.gowidlino.com\/index.php?rest_route=\/wp\/v2\/pages\/77\/revisions"}],"predecessor-version":[{"id":230,"href":"https:\/\/muzyczna.gowidlino.com\/index.php?rest_route=\/wp\/v2\/pages\/77\/revisions\/230"}],"wp:attachment":[{"href":"https:\/\/muzyczna.gowidlino.com\/index.php?rest_route=%2Fwp%2Fv2%2Fmedia&parent=77"}],"curies":[{"name":"wp","href":"https:\/\/api.w.org\/{rel}","templated":true}]}}